tiple of 42?
False
Does 889 divide 4832490?
False
Is 9 a factor of 5165020?
False
Is 14 a factor of 103466?
False
Does 60 divide 369237?
False
Does 28 divide 643972?
True
Does 11 divide 77490?
False
Does 371 divide 12977212?
False
Is 56 a factor of 83997?
False
Is 234870 a multiple of 18?
False
Is 32 a factor of 1405920?
True
Does 35 divide 166180?
True
Does 22 divide 854263?
False
Is 7399519 a multiple of 428?
False
Is 16 a factor of 121879?
False
Is 81844 a multiple of 158?
True
Is 247 a factor of 586984?
False
Is 173736 a multiple of 24?
True
Is 17 a factor of 143817?
False
Is 347269 a multiple of 43?
False
Does 22 divide 221540?
True
Does 13 divide 183652?
False
Does 132 divide 751292?
False
Is 74 a factor of 508230?
False
Is 518303 a multiple of 5?
False
Is 21 a factor of 664860?
True
Does 5 divide 25840?
True
Does 26 divide 357663?
False
Is 571046 a multiple of 49?
True
Does 76 divide 719302?
False
Is 12064208 a multiple of 248?
True
Does 483 divide 8220206?
False
Is 59 a factor of 410699?
True
Does 24 divide 394992?
True
Is 31 a factor of 96994?
False
Is 75768 a multiple of 32?
False
Does 14 divide 4650212?
True
Is 58 a factor of 125744?
True
Is 2740276 a multiple of 308?
True
Is 194262 a multiple of 10?
False
Is 37 a factor of 2125105?
False
Does 154 divide 99481?
False
Does 90 divide 134188?
False
Does 26 divide 7303842?
True
Does 20 divide 4872?
False
Is 8095729 a multiple of 671?
False
Is 1302642 a multiple of 54?
True
Does 138 divide 7103884?
False
Is 90271 a multiple of 200?
False
Is 12535 a multiple of 2?
False
Is 959512 a multiple of 73?
True
Is 21 a factor of 92963?
False
Does 10 divide 142020?
True
Does 129 divide 332012?
False
Is 12 a factor of 2525880?
True
Does 14 divide 108539?
False
Is 15203872 a multiple of 16?
True
Does 757 divide 28348893?
True
Is 283 a factor of 984516?
False
Is 310565 a multiple of 70?
False
Is 73773 a multiple of 26?
False
Is 67 a factor of 179024?
True
Is 337 a factor of 1789470?
True
Does 9 divide 895050?
True
Is 3749708 a multiple of 27?
False
Is 53890 a multiple of 45?
False
Is 3 a factor of 54270?
True
Is 51 a factor of 246676?
False
Is 204 a factor of 2992272?
True
Is 721649 a multiple of 228?
False
Is 1083438 a multiple of 46?
True
Is 66 a factor of 6593532?
True
Is 212 a factor of 165182?
False
Is 552880 a multiple of 16?
True
Is 506 a factor of 10395264?
True
Is 6158375 a multiple of 19?
True
Is 303458 a multiple of 3?
False
Is 43097 a multiple of 14?
False
Is 2456806 a multiple of 34?
True
Does 18 divide 20088?
True
Does 10 divide 10590240?
True
Does 15 divide 840579?
False
Is 589 a factor of 922184?
False
Is 66972 a multiple of 4?
True
Does 6 divide 124383?
False
Does 18 divide 1978?
False
Is 2752570 a multiple of 43?
False
Is 9116 a multiple of 8?
False
Is 4107345 a multiple of 33?
True
Is 53216 a multiple of 12?
False
Is 114 a factor of 97470?
True
Is 14746426 a multiple of 198?
False
Is 388992 a multiple of 101?
False
Does 284 divide 115872?
True
Does 591 divide 1131174?
True
Does 11 divide 3396459?
True
Is 11 a factor of 1481622?
False
Is 3 a factor of 190822?
False
Does 408 divide 15095931?
False
Is 2226413 a multiple of 343?
True
Does 29 divide 4849786?
True
Is 6053581 a multiple of 54?
False
Is 1515800 a multiple of 1166?
True
Is 71973 a multiple of 25?
False
Is 15 a factor of 210030?
True
Is 4310 a multiple of 3?
False
Does 372 divide 629611?
False
Does 135 divide 2548800?
True
Does 8 divide 330893?
False
Is 123 a factor of 2853846?
True
Is 375791 a multiple of 186?
False
Is 7 a factor of 81807?
False
Is 721624 a multiple of 17?
False
Is 418 a factor of 718679?
False
Is 6522414 a multiple of 1526?
False
Does 57 divide 49020?
True
Is 145 a factor of 9189262?
False
Is 1130277 a multiple of 44?
False
Is 255829 a multiple of 7?
True
Is 1368030 a multiple of 310?
True
Is 18 a factor of 4230?
True
Is 217195 a multiple of 25?
False
Is 103 a factor of 567633?
True
Does 40 divide 21453200?
True
Is 17 a factor of 1193043?
True
Is 6 a factor of 278220?
True
Is 45 a factor of 24840?
True
Is 143858 a multiple of 143?
True
Does 7 divide 5946316?
False
Is 109 a factor of 353983?
False
Is 85 a factor of 45643?
False
Is 157 a factor of 152998?
False
Does 6 divide 717421?
False
Does 4 divide 505612?
True
Is 264 a factor of 6266040?
True
Is 521028 a multiple of 4?
True
Is 17 a factor of 59959?
True
Is 290 a factor of 17349181?
False
Is 120 a factor of 7080?
True
Does 160 divide 135754?
False
Does 38 divide 309852?
True
Does 502 divide 695772?
True
Is 8794527 a multiple of 29?
False
Is 670213 a multiple of 69?
False
Is 169 a factor of 163430?
False
Is 48064 a multiple of 32?
True
Is 25 a factor of 600119?
False
Is 121879 a multiple of 107?
False
Is 26705 a multiple of 6?
False
Is 96360 a multiple of 12?
True
Does 22 divide 54802?
True
Is 53750 a multiple of 25?
True
Does 75 divide 170885?
False
Does 55 divide 90217?
False
Is 2368835 a multiple of 53?
True
Is 3567792 a multiple of 717?
True
Is 3047120 a multiple of 164?
True
Does 929 divide 7848690?
False
Is 138280 a multiple of 10?
True
Is 5200325 a multiple of 283?
False
Does 17 divide 219525?
False
Is 807 a factor of 2380650?
True
Does 1305 divide 18952515?
True
Is 68416 a multiple of 64?
True
Is 36 a factor of 3305723?
False
Is 354312 a multiple of 76?
True
Is 86454 a multiple of 9?
True
Is 41 a factor of 3058231?
True
Is 373417 a multiple of 4?
False
Is 6452 a multiple of 16?
False
Is 5 a factor of 230375?
True
Is 445 a factor of 28099?
False
Does 14 divide 188905?
False
Is 4053888 a multiple of 102?
True
Is 23 a factor of 38548?
True
Is 285 a factor of 555465?
True
Is 90803 a multiple of 32?
False
Is 15 a factor of 33683?
False
Is 16 a factor of 56072?
False
Is 408476 a multiple of 34?
True
Does 1259 divide 3479876?
True
Is 116130 a multiple of 17?
False
Does 45 divide 28524?
False
Does 4 divide 599500?
True
Is 135212 a multiple of 11?
True
Is 35 a factor of 1291745?
True
Does 146 divide 128547?
False
Is 60360 a multiple of 116?
False
Is 30 a factor of 276642?
False
Is 561375 a multiple of 10?
False
Does 44 divide 69520?
True
Does 74 divide 92722?
True
Does 26 divide 31065435?
False
Is 234 a factor of 6208254?
True
Is 143 a factor of 1332188?
True
Is 96150 a multiple of 21?
False
Is 10 a factor of 4988638?
False
Is 24 a factor of 218198?
False
Is 651222 a multiple of 207?
True
Is 1102527 a multiple of 33?
False
Is 8 a factor of 1105424?
True
Is 519498 a multiple of 186?
True
Is 453 a factor of 85617?
True
Is 49 a factor of 371587?
False
Does 49 divide 324527?
True
Is 422840 a multiple of 44?
True
Does 11 divide 786337?
False
Is 119 a factor of 187425?
True
Does 75 divide 321247?
False
Is 1369 a factor of 12581610?
False
Does 40 divide 305027?
False
Is 34112 a multiple of 16?
True
Is 1790020 a multiple of 14?
False
Is 2225315 a multiple of 36?
False
Is 70 a factor of 415520?
True
Is 88065 a multiple of 285?
True
Is 11677770 a multiple of 31?
False
Is 13653444 a multiple of 382?
True
Is 2881237 a multiple of 171?
False
Is 1372235 a multiple of 4?
False
Is 11 a factor of 823524?
False
Is 27873 a multiple of 171?
True
Does 366 divide 468114?
True
Is 10680012 a multiple of 567?
True
Is 1030705 a multiple of 65?
True
Does 5 divide 287567?
False
Does 62 divide 10230?
True
Is 178264 a multiple of 81?
False
Does 292 divide 1097044?
True
Is 190401 a multiple of 3?
True
Does 99 divide 39130?
False
Is 20 a factor of 34040?
True
Is 20 a factor of 15398?
False
Does 223 divide 141382?
True
Is 33213 a multiple of 11?
False
Is 18 a factor of 961358?
False
Is 144 a factor of 3361549?
False
Is 6848040 a multiple of 298?
True
Does 27 divide 1094470?
False
Is 369 a factor of 297368?
False
Is 1609764 a multiple of 33?
False
Is 158 a factor of 4683120?
True
Does 5 divide 2979100?
True
Is 66 a factor of 4667636?
False
Does 23 divide 11133880?
False
Is 12 a factor of 148044?
True
Is 12 a factor of 400108?
False
Does 80 divide 1599920?
True
Is 26 a factor of 402389?
False
Is 77773 a multiple of 7?
False
Is 23 a factor of 49864?
True
Is 110724 a multiple of 57?
False
Is 996762 a multiple of 983?
True
Does 22 divide 192896?
True
Is 1062072 a multiple of 596?
True
Is 357 a factor of 2246958?
True
Is 109 a factor of 48396?
True
Is 795 a factor of 1210615?
False
Is 5 a f